{"id":2,"date":"2019-04-12T06:50:02","date_gmt":"2019-04-12T06:50:02","guid":{"rendered":"http:\/\/inowroclawnotariusz.pl\/?page_id=2"},"modified":"2023-10-03T11:10:26","modified_gmt":"2023-10-03T09:10:26","slug":"przykladowa-strona","status":"publish","type":"page","link":"https:\/\/inowroclawnotariusz.pl\/","title":{"rendered":"KANCELARIA NOTARIALNA BEATA WESTFAL"},"content":{"rendered":"<p>[et_pb_section fb_built=&#8221;1&#8243; admin_label=&#8221;Hero&#8221; _builder_version=&#8221;4.16&#8243; use_background_color_gradient=&#8221;on&#8221; background_color_gradient_stops=&#8221;rgba(0,0,0,0.5) 0%|rgba(0,0,0,0) 100%&#8221; background_color_gradient_overlays_image=&#8221;on&#8221; background_color_gradient_start=&#8221;rgba(0,0,0,0.5)&#8221; background_color_gradient_end=&#8221;rgba(0,0,0,0)&#8221; background_image=&#8221;https:\/\/inowroclawnotariusz.pl\/wp-content\/uploads\/2019\/08\/notary-13.jpg&#8221; custom_margin=&#8221;|||&#8221; custom_padding=&#8221;0||0px||false|false&#8221; bottom_divider_style=&#8221;slant&#8221; bottom_divider_color=&#8221;#ffffff&#8221; bottom_divider_flip=&#8221;horizontal&#8221; animation_style=&#8221;slide&#8221; animation_direction=&#8221;top&#8221; animation_intensity_slide=&#8221;5%&#8221; animation_starting_opacity=&#8221;100%&#8221; global_colors_info=&#8221;{}&#8221;][et_pb_row column_structure=&#8221;3_4,1_4&#8243; _builder_version=&#8221;4.16&#8243; background_size=&#8221;initial&#8221; background_position=&#8221;top_left&#8221; background_repeat=&#8221;repeat&#8221; custom_padding=&#8221;40px|0px|0px|0px|false|false&#8221; global_colors_info=&#8221;{}&#8221;][et_pb_column type=&#8221;3_4&#8243; _builder_version=&#8221;4.16&#8243; custom_padding=&#8221;|||&#8221; global_colors_info=&#8221;{}&#8221; custom_padding__hover=&#8221;|||&#8221;][et_pb_text admin_label=&#8221;Title&#8221; _builder_version=&#8221;4.16&#8243; text_font=&#8221;||||||||&#8221; text_text_color=&#8221;#ffffff&#8221; header_font=&#8221;|300|||||||&#8221; header_font_size=&#8221;70px&#8221; header_letter_spacing=&#8221;7px&#8221; header_line_height=&#8221;1.2em&#8221; background_layout=&#8221;dark&#8221; animation_style=&#8221;zoom&#8221; animation_direction=&#8221;left&#8221; animation_intensity_zoom=&#8221;10%&#8221; header_font_size_tablet=&#8221;&#8221; header_font_size_phone=&#8221;72px&#8221; header_font_size_last_edited=&#8221;on|phone&#8221; global_colors_info=&#8221;{}&#8221;]<\/p>\n<p>NOTARIUSZ BEATA WESTFAL<\/p>\n<h1><span style=\"font-size: xx-large;\"><span style=\"color: #ffffff;\">Kancelaria<\/span><\/span><\/h1>\n<p>[\/et_pb_text][et_pb_divider show_divider=&#8221;off&#8221; _builder_version=&#8221;4.16&#8243; max_width=&#8221;120px&#8221; height=&#8221;11px&#8221; custom_margin=&#8221;1px||&#8221; animation_style=&#8221;zoom&#8221; animation_direction=&#8221;left&#8221; global_colors_info=&#8221;{}&#8221;][\/et_pb_divider][et_pb_text _builder_version=&#8221;4.16&#8243; text_font=&#8221;Montserrat|300|||||||&#8221; text_font_size=&#8221;20px&#8221; text_line_height=&#8221;1.8em&#8221; background_layout=&#8221;dark&#8221; animation_style=&#8221;zoom&#8221; animation_direction=&#8221;left&#8221; animation_delay=&#8221;100ms&#8221; animation_intensity_zoom=&#8221;10%&#8221; global_colors_info=&#8221;{}&#8221;][\/et_pb_text][\/et_pb_column][et_pb_column type=&#8221;1_4&#8243; _builder_version=&#8221;4.16&#8243; custom_padding=&#8221;|||&#8221; global_colors_info=&#8221;{}&#8221; custom_padding__hover=&#8221;|||&#8221;][\/et_pb_column][\/et_pb_row][\/et_pb_section][et_pb_section fb_built=&#8221;1&#8243; _builder_version=&#8221;4.16&#8243; background_blend=&#8221;soft-light&#8221; custom_padding=&#8221;43px|0px|59px|0px|false|false&#8221; global_colors_info=&#8221;{}&#8221;][et_pb_row column_structure=&#8221;1_2,1_2&#8243; use_custom_gutter=&#8221;on&#8221; gutter_width=&#8221;2&#8243; _builder_version=&#8221;4.16&#8243; custom_padding=&#8221;0|0px|29px|0px|false|false&#8221; global_colors_info=&#8221;{}&#8221;][et_pb_column type=&#8221;1_2&#8243; _builder_version=&#8221;4.16&#8243; custom_padding=&#8221;|||&#8221; global_colors_info=&#8221;{}&#8221; custom_padding__hover=&#8221;|||&#8221;][et_pb_image src=&#8221;https:\/\/inowroclawnotariusz.pl\/wp-content\/uploads\/2019\/08\/Beatka.jpg&#8221; align=&#8221;right&#8221; align_tablet=&#8221;center&#8221; align_phone=&#8221;center&#8221; align_last_edited=&#8221;on|desktop&#8221; disabled_on=&#8221;on|on|on&#8221; _builder_version=&#8221;4.16&#8243; custom_margin=&#8221;|20px||&#8221; disabled=&#8221;on&#8221; global_colors_info=&#8221;{}&#8221;]<\/p>\n<p>NOTARIUSZ BEATA WESTFAL<\/p>\n<h1><span style=\"font-size: xx-large;\"><span style=\"color: #ffffff;\">Kancelaria<\/span><\/span><\/h1>\n<p>[\/et_pb_image][et_pb_text disabled_on=&#8221;on|on|on&#8221; _builder_version=&#8221;4.16&#8243; text_font=&#8221;||||||||&#8221; max_width=&#8221;31%&#8221; module_alignment=&#8221;center&#8221; disabled=&#8221;on&#8221; global_colors_info=&#8221;{}&#8221;]<\/p>\n<p style=\"padding-left: 60px; text-align: left;\"><strong>BEATA WESTFAL<\/strong><\/p>\n<p style=\"padding-left: 60px; text-align: left;\">Notariusz<\/p>\n<p>[\/et_pb_text][\/et_pb_column][et_pb_column type=&#8221;1_2&#8243; _builder_version=&#8221;4.16&#8243; custom_padding=&#8221;|||&#8221; global_colors_info=&#8221;{}&#8221; custom_padding__hover=&#8221;|||&#8221;][et_pb_text _builder_version=&#8221;4.22.2&#8243; text_font=&#8221;||||||||&#8221; text_text_color=&#8221;#000000&#8243; text_font_size=&#8221;15px&#8221; text_line_height=&#8221;1.4em&#8221; background_color=&#8221;rgba(255,255,255,0.46)&#8221; global_colors_info=&#8221;{}&#8221;]<\/p>\n<p><strong>\u00a0Szanowni Pa\u0144stwo<\/strong>.<\/p>\n<p style=\"text-align: justify;\"><span>Z ogromn\u0105 przyjemno\u015bci\u0105 zapraszam Pa\u0144stwa do mojej Kancelarii Notarialnej w Inowroc\u0142awiu przy ulicy \u015awi\u0119tokrzyskiej nr 53, w kt\u00f3rej do\u0142o\u017cy\u0142am wszelkich stara\u0144, aby stworzy\u0107 dla Pa\u0144stwa komfortowe warunki w celu realizacji wszelkich\u00a0czynno\u015bci notarialnych.<\/span><\/p>\n<p style=\"text-align: justify;\">Dzi\u0119ki mojemu wieloletniemu do\u015bwiadczeniu zawodowemu, przygotowaniu teoretycznemu oraz osobistemu zaanga\u017cowaniu w ka\u017cd\u0105 spraw\u0119, gwarantuj\u0119 Pa\u0144stwu profesjonaln\u0105 obs\u0142ug\u0119 i bezpiecze\u0144stwo obrotu prawnego.<\/p>\n<p style=\"text-align: justify;\">Kancelaria znajduje si\u0119 w budynku wielomieszkaniowym, w kt\u00f3rym funkcjonuj\u0105 r\u00f3wnie\u017c gabinety lekarskie, biura podatkowe i ksi\u0119gowe, oraz szko\u0142a j\u0119zykowa. Kancelaria usytuowana jest na parterze budynku bez \u017cadnych barier architektonicznych, w pe\u0142ni dost\u0119pna dla os\u00f3b niepe\u0142nosprawnych. Doskona\u0142a lokalizacja umo\u017cliwia swobodny dojazd zar\u00f3wno \u015brodkami komunikacji miejskiej (przystanki autobusowe na ulicy Roosevelta i Alei Niepodleg\u0142o\u015bci przy Urz\u0119dzie Miasta Inowroc\u0142awia), jak i samochodem, zw\u0142aszcza \u017ce przed Kancelari\u0105 znajduje si\u0119 bezp\u0142atny parking dost\u0119pny dla wszystkich klient\u00f3w.<br \/>Ponadto w pobli\u017cu Kancelarii znajduje si\u0119 Urz\u0105d Miasta Inowroc\u0142awia, Urz\u0105d Skarbowy w Inowroc\u0142awiu oraz S\u0105d Rejonowy w Inowroc\u0142awiu.<\/p>\n<p style=\"text-align: justify;\"><span>Odczytywane przeze mnie akty notarialne wy\u015bwietlane s\u0105 na du\u017cym monitorze, a ponadto maj\u0105 Pa\u0144stwa dyspozycji napoje, a dla najm\u0142odszych przygotowany jest stolik oraz kolorowanki, kredki i zabawki.<\/span><\/p>\n<p>Kancelaria notarialna czynna jest od poniedzia\u0142ku do pi\u0105tku<br \/>w nast\u0119puj\u0105cych godzinach:<\/p>\n<p><span style=\"font-size: 16px;\">Poniedzia\u0142ek &#8211; Czwartek:\u00a0 9.00 \u201317.00<\/span><br \/>(w godzinach 17.00-19.00 tylko po wcze\u015bniejszym um\u00f3wieniu).<\/p>\n<p><span style=\"font-size: 16px;\">Pi\u0105tek: 9.00 \u201315.00<\/span><\/p>\n<p><span style=\"font-size: 16px;\">Sobota \u2013 tylko po wcze\u015bniejszym um\u00f3wieniu.<\/span><\/p>\n<p style=\"text-align: justify;\">Istnieje r\u00f3wnie\u017c mo\u017cliwo\u015b\u0107 indywidualnego um\u00f3wienia spotkania poza godzinami i dniami urz\u0119dowania Kancelarii.<\/p>\n<p>[\/et_pb_text][\/et_pb_column][\/et_pb_row][\/et_pb_section][et_pb_section fb_built=&#8221;1&#8243; disabled_on=&#8221;on|on|off&#8221; _builder_version=&#8221;4.16&#8243; background_image=&#8221;https:\/\/inowroclawnotariusz.pl\/wp-content\/uploads\/2019\/08\/Inowroc\u0142aw_2.jpg&#8221; parallax=&#8221;on&#8221; parallax_method=&#8221;off&#8221; custom_padding=&#8221;0px|0px|198px|0px|false|false&#8221; filter_hue_rotate=&#8221;359deg&#8221; filter_saturate=&#8221;43%&#8221; filter_brightness=&#8221;88%&#8221; filter_sepia=&#8221;2%&#8221; top_divider_color=&#8221;#0c71c3&#8243; animation_style=&#8221;fold&#8221; animation_direction=&#8221;bottom&#8221; animation_intensity_fold=&#8221;4%&#8221; global_colors_info=&#8221;{}&#8221;][\/et_pb_section][et_pb_section fb_built=&#8221;1&#8243; _builder_version=&#8221;4.16&#8243; background_color=&#8221;#272830&#8243; custom_padding=&#8221;0|0px|0|0px|false|false&#8221; saved_tabs=&#8221;all&#8221; global_colors_info=&#8221;{}&#8221;][et_pb_row column_structure=&#8221;1_2,1_2&#8243; _builder_version=&#8221;4.16&#8243; module_alignment=&#8221;center&#8221; custom_padding=&#8221;50px|0px|0|0px|false|false&#8221; global_colors_info=&#8221;{}&#8221;][et_pb_column type=&#8221;1_2&#8243; _builder_version=&#8221;4.16&#8243; custom_padding=&#8221;|||&#8221; global_colors_info=&#8221;{}&#8221; custom_padding__hover=&#8221;|||&#8221;][et_pb_text _builder_version=&#8221;4.16&#8243; text_font=&#8221;||||||||&#8221; text_text_color=&#8221;#ffffff&#8221; text_font_size_tablet=&#8221;&#8221; text_font_size_phone=&#8221;15px&#8221; text_font_size_last_edited=&#8221;on|phone&#8221; global_colors_info=&#8221;{}&#8221;]<\/p>\n<p><span style=\"color: #ffffff;\"><a href=\"https:\/\/inowroclawnotariusz.pl\/?page_id=38\" style=\"color: #ffffff;\">Zakres Us\u0142ug \u2192<\/a><\/span><\/p>\n<p><span style=\"color: #ffffff;\"><a href=\"https:\/\/inowroclawnotariusz.pl\/?page_id=40\" style=\"color: #ffffff;\">Dokumenty \u2192<\/a><\/span><\/p>\n<p><a href=\"https:\/\/inowroclawnotariusz.pl\/?page_id=76\"><span style=\"color: #ffffff;\">Op\u0142aty \u2192<\/span><\/a><\/p>\n<p><a href=\"https:\/\/inowroclawnotariusz.pl\/?page_id=74\"><span style=\"color: #ffffff;\">Wzory Pism \u2192<\/span><\/a><\/p>\n<p><span style=\"color: #ffffff;\"><a href=\"https:\/\/goo.gl\/maps\/jx7BQu8aHvQGunex6\" style=\"color: #ffffff;\">Zobacz jak dojecha\u0107 \u2192<\/a><\/span><\/p>\n<p>[\/et_pb_text][\/et_pb_column][et_pb_column type=&#8221;1_2&#8243; _builder_version=&#8221;4.16&#8243; custom_padding=&#8221;|||&#8221; global_colors_info=&#8221;{}&#8221; custom_padding__hover=&#8221;|||&#8221;][et_pb_text _builder_version=&#8221;4.16&#8243; text_font=&#8221;||||||||&#8221; text_text_color=&#8221;#ffffff&#8221; text_font_size=&#8221;13px&#8221; text_font_size_tablet=&#8221;18px&#8221; text_font_size_phone=&#8221;15px&#8221; text_font_size_last_edited=&#8221;on|phone&#8221; global_colors_info=&#8221;{}&#8221;]<\/p>\n<p><span style=\"color: #ffffff;\"><a href=\"Tel: 52 364 56 24\" style=\"color: #ffffff;\">Telefon Kancelarii: +\u00a052 52 364 56 24<\/a><\/span><\/p>\n<p><span style=\"color: #ffffff;\"><a href=\"Tel: 513 959 414\" style=\"color: #ffffff;\">Tel. kom\u00f3rkowy: 513 959 414<\/a><\/span><\/p>\n<p><a href=\"https:\/\/inowroclawnotariusz.pl\/?page_id=83\/#formularz\" title=\"Formularz kontaktowy\"><span style=\"color: #ffffff;\">formularz kontaktowy\u00a0\u2192<\/span><\/a><\/p>\n<p><span style=\"color: #ffffff;\"><a href=\"https:\/\/inowroclawnotariusz.pl\/?page_id=333\" style=\"color: #ffffff;\">Polityka prywatno\u015bci\u00a0 (RODO) \u2192<\/a><\/span><\/p>\n<p>[\/et_pb_text][et_pb_social_media_follow disabled_on=&#8221;off|off|off&#8221; _builder_version=&#8221;4.16&#8243; global_colors_info=&#8221;{}&#8221;][et_pb_social_media_follow_network social_network=&#8221;facebook&#8221; url=&#8221;https:\/\/www.facebook.com\/Kancelaria-Notarialna-Beata-Westfal-108222817216018\/?view_public_for=108222817216018\/&#8221; _builder_version=&#8221;4.16&#8243; background_color=&#8221;#3b5998&#8243; global_colors_info=&#8221;{}&#8221; follow_button=&#8221;off&#8221; url_new_window=&#8221;on&#8221;]facebook[\/et_pb_social_media_follow_network][\/et_pb_social_media_follow][et_pb_text _builder_version=&#8221;4.16&#8243; text_font=&#8221;||||||||&#8221; text_text_color=&#8221;#ffffff&#8221; text_font_size=&#8221;13px&#8221; text_font_size_tablet=&#8221;18px&#8221; text_font_size_phone=&#8221;16px&#8221; text_font_size_last_edited=&#8221;on|phone&#8221; locked=&#8221;off&#8221; global_colors_info=&#8221;{}&#8221;][\/et_pb_text][\/et_pb_column][\/et_pb_row][\/et_pb_section]<\/p>\n","protected":false},"excerpt":{"rendered":"<p>NOTARIUSZ BEATA WESTFAL KancelariaNOTARIUSZ BEATA WESTFAL KancelariaBEATA WESTFAL Notariusz\u00a0Szanowni Pa\u0144stwo. Z ogromn\u0105 przyjemno\u015bci\u0105 zapraszam Pa\u0144stwa do mojej Kancelarii Notarialnej w Inowroc\u0142awiu przy ulicy \u015awi\u0119tokrzyskiej nr 53, w kt\u00f3rej do\u0142o\u017cy\u0142am wszelkich stara\u0144, aby stworzy\u0107 dla Pa\u0144stwa komfortowe warunki w celu realizacji wszelkich\u00a0czynno\u015bci notarialnych. Dzi\u0119ki mojemu wieloletniemu do\u015bwiadczeniu zawodowemu, przygotowaniu teoretycznemu oraz osobistemu zaanga\u017cowaniu w ka\u017cd\u0105 spraw\u0119, [&hellip;]<\/p>\n","protected":false},"author":1,"featured_media":0,"parent":0,"menu_order":0,"comment_status":"closed","ping_status":"open","template":"","meta":{"_et_pb_use_builder":"on","_et_pb_old_content":"<!-- wp:paragraph -->\n<p>[smartslider3 slider=2]<\/p>\n<!-- \/wp:paragraph -->","_et_gb_content_width":"","footnotes":""},"_links":{"self":[{"href":"https:\/\/inowroclawnotariusz.pl\/index.php?rest_route=\/wp\/v2\/pages\/2"}],"collection":[{"href":"https:\/\/inowroclawnotariusz.pl\/index.php?rest_route=\/wp\/v2\/pages"}],"about":[{"href":"https:\/\/inowroclawnotariusz.pl\/index.php?rest_route=\/wp\/v2\/types\/page"}],"author":[{"embeddable":true,"href":"https:\/\/inowroclawnotariusz.pl\/index.php?rest_route=\/wp\/v2\/users\/1"}],"replies":[{"embeddable":true,"href":"https:\/\/inowroclawnotariusz.pl\/index.php?rest_route=%2Fwp%2Fv2%2Fcomments&post=2"}],"version-history":[{"count":108,"href":"https:\/\/inowroclawnotariusz.pl\/index.php?rest_route=\/wp\/v2\/pages\/2\/revisions"}],"predecessor-version":[{"id":800,"href":"https:\/\/inowroclawnotariusz.pl\/index.php?rest_route=\/wp\/v2\/pages\/2\/revisions\/800"}],"wp:attachment":[{"href":"https:\/\/inowroclawnotariusz.pl\/index.php?rest_route=%2Fwp%2Fv2%2Fmedia&parent=2"}],"curies":[{"name":"wp","href":"https:\/\/api.w.org\/{rel}","templated":true}]}}